{"id":290,"date":"2024-01-08T11:17:15","date_gmt":"2024-01-08T10:17:15","guid":{"rendered":"https:\/\/www.baunatura.at\/?page_id=290"},"modified":"2024-02-23T09:07:39","modified_gmt":"2024-02-23T08:07:39","slug":"impressum","status":"publish","type":"page","link":"https:\/\/www.baunatura.at\/?page_id=290","title":{"rendered":"Impressum"},"content":{"rendered":"<div data-colibri-id=\"290-c1\" class=\"style-342 style-local-290-c1 position-relative\">\n  <!---->\n  <div data-colibri-component=\"section\" data-colibri-id=\"290-c2\" id=\"custom\" class=\"h-section h-section-global-spacing d-flex align-items-lg-center align-items-md-center align-items-center style-343 style-local-290-c2 position-relative\">\n    <!---->\n    <!---->\n    <div class=\"h-section-grid-container h-section-boxed-container\">\n      <!---->\n      <div data-colibri-id=\"290-c3\" class=\"h-row-container gutters-row-lg-2 gutters-row-md-2 gutters-row-0 gutters-row-v-lg-2 gutters-row-v-md-2 gutters-row-v-2 style-344 style-local-290-c3 position-relative\">\n        <!---->\n        <div class=\"h-row justify-content-lg-center justify-content-md-center justify-content-center align-items-lg-stretch align-items-md-stretch align-items-stretch gutters-col-lg-2 gutters-col-md-2 gutters-col-0 gutters-col-v-lg-2 gutters-col-v-md-2 gutters-col-v-2\">\n          <!---->\n          <div class=\"h-column h-column-container d-flex h-col-lg-auto h-col-md-auto h-col-auto style-345-outer style-local-290-c4-outer\">\n            <div data-colibri-id=\"290-c4\" class=\"d-flex h-flex-basis h-column__inner h-px-lg-2 h-px-md-2 h-px-2 v-inner-lg-2 v-inner-md-2 v-inner-2 style-345 style-local-290-c4 position-relative\">\n              <!---->\n              <!---->\n              <div class=\"w-100 h-y-container h-column__content h-column__v-align flex-basis-100 align-self-lg-start align-self-md-start align-self-start\">\n                <!---->\n                <div data-colibri-id=\"290-c5\" class=\"h-text h-text-component style-346 style-local-290-c5 position-relative h-element\">\n                  <!---->\n                  <!---->\n                  <div class=\"\">\n                    <h1>Impressum<\/h1>\n                    <p>Offenlegung gem\u00e4\u00df \u00a75 ECG und \u00a725 Mediengesetz:<\/p>\n                    <p><strong>Impressum<\/strong>\n                      <br>UID: ATU69264609\n                      <br>FN: 425906h\n                      <br>DVR: 4012961\n                      <br>DGNR.: 401979873\n                      <br>GLN: 9110021234450\n                      <br>Beitragskonto\/SVA: 5547151\n                      <br>GIS: 1010317628\n                      <br>D-U-N-S\u00ae Nr.: 300458133\n                      <br>St.Nr.: Deutschland 147 \/ 277 \/ 54386\n                      <br>St.Nr.: \u00d6sterreich 91 &#8211; 187 \/ 6993\n                      <br>WK-Nr.: 4158612\n                      <br>ANK\u00d6-Nr.: 81901<\/p>\n                    <p><strong>Gewerbeberechtigungen<\/strong>\n                      <br>18339321 &#8211; Handelsgewerbe\n                      <br>18339338 &#8211; Kanalr\u00e4umung\n                      <br>31668842 &#8211; Baumeister, eingeschr\u00e4nkt auf ausf\u00fchrende T\u00e4tigkeiten\n                      <br>31671378 &#8211; Sammeln und Behandeln von Abf\u00e4llen und Abw\u00e4ssern\n                      <br>35581239 &#8211; Entr\u00fcmpler (R\u00e4umung durch Entfernung wertlosen Gutes)<\/p>\n                    <p><strong>Bankverbindung<\/strong>\n                      <br>IBAN: AT60 2040 4000 4145 6195<\/p>\n                    <p><strong>Firmenbuchgericht:<\/strong>&nbsp;Salzburg\n                      <br>Kammerzugeh\u00f6rigkeit: Wirtschaftskammer Salzburg\n                      <br>1. Fachgruppe \/ Berufszweig: Kanalr\u00e4umung\n                      <br>2. Fachgruppe \/ Berufszweig: Handelsgewerbe mit Ausnahme der reglementierten Handelsgewerbe\n                      <br>3. Fachgruppe \/ Berufszweig: Sammeln und Behandeln von Abf\u00e4llen und Abw\u00e4ssern\n                      <br>4. Fachgruppe \/ Entr\u00fcmpler<\/p>\n                    <p><strong>ROHRPROFI Kanalservice GmbH<\/strong>\n                      <br>Anschrift: Alte Mattseer Str. 11, 5020 Salzburg, \u00d6sterreich\n                      <br>Telefon: 0662 850820\n                      <br>E-Mail:&nbsp;\n                      <a href=\"mailto:office@rohrprofi.at\" style=\"color: var(--bs-link-color);\">office@rohrprofi.at<\/a>\n                      <br>Web:&nbsp;\n                      <a href=\"https:\/\/www.rohrprofi.at\" target=\"_blank\" style=\"color: var(--bs-link-color);\" class=\"customize-unpreviewable\" rel=\"noopener\">www.rohrprofi.at<\/a>\n                    <\/p>\n                    <p><strong>BauNatura<\/strong>\n                      <br>Anschrift: Alte Mattseer Str. 11, 5020 Salzburg, \u00d6sterreich\n                      <br>E-Mail:&nbsp;\n                      <a href=\"mailto:office@baunatura.at\" style=\"color: var(--bs-link-color);\">office@baunatura.at<\/a>\n                      <br>Web:&nbsp;\n                      <a href=\"https:\/\/www.baunatura.at\" target=\"_blank\" style=\"color: var(--bs-link-color);\" rel=\"noopener\">www.baunatura.at<\/a>\n                    <\/p>\n                    <p><strong>Rohrbert<\/strong>\n                      <br>Anschrift: Alte Mattseer Str. 11, 5020 Salzburg, \u00d6sterreich\n                      <br>Telefon: 0800 \u2013 700160\n                      <br>E-Mail:&nbsp;\n                      <a href=\"mailto:office@rohrbert.at\" style=\"color: var(--bs-link-color);\">office@rohrbert.at<\/a>\n                      <br>Web:&nbsp;\n                      <a href=\"https:\/\/www.rohrbert.at\" target=\"_blank\" style=\"color: var(--bs-link-color);\" class=\"customize-unpreviewable\" rel=\"noopener\">www.rohrbert.at<\/a>\n                    <\/p>\n                    <p><strong>Blattlinie:<\/strong>&nbsp;Informationen \u00fcber die Leistungen und Projekte von ROHRPROFI und BauNatura.\n                      <br>Design &amp; Umsetzung: Sascha Hobus<\/p>\n                    <p>\n                      <a href=\"https:\/\/www.rohrprofi.at\/agb\" style=\"color: var(--bs-link-color);\" class=\"customize-unpreviewable\">Allgemeine Gesch\u00e4ftsbedingungen<\/a>\n                    <\/p>\n                    <h4>Haftungsausschluss<\/h4>\n                    <p>Die Texte auf dieser und den \u00fcbrigen Seiten sowie die Gestaltung der Seiten sind urheberrechtlich gesch\u00fctzt. Alle Rechte, insbesondere das Recht der Vervielf\u00e4ltigung und der Verbreitung sowie der \u00dcbersetzung sind vorbehalten. Die Verwendung\n                      der Informationen sind nur f\u00fcr den privaten und nicht-kommerziellen Gebrauch gestattet. Jede weitergehendere Nutzung, insbesondere die Vervielf\u00e4ltigung, die Speicherung, die Verarbeitung oder die Verbreiterung insbesondere unter\n                      Verwendung elektronischer Systeme bedarf der schriftlichen Zustimmung der&nbsp;<strong>ROHRPROFI Kanalservice<\/strong>\n                      <sup style=\"font-size: 0.75em;\"><strong>\u00ae<\/strong><\/sup><strong>&nbsp;GmbH<\/strong>.<\/p>\n                    <h4>Urheberrecht<\/h4>\n                    <p>Der Inhalt sowie die Bilddaten dieser Website sind urheberrechtlich gesch\u00fctzt. Jede den Bestimmungen des Urheberrechtsgesetzes widersprechende Verwendung jeglicher Inhalte dieser Website \u2013 insbesondere die weitergehende Nutzung wie\n                      beispielsweise die Ver\u00f6ffentlichung, Vervielf\u00e4ltigung und jede Form von gewerblicher Nutzung sowie die Weitergabe an Dritte \u2013 auch in Teilen oder in \u00fcberarbeiteter Form \u2013 ohne ausdr\u00fcckliche Zustimmung des Autors ist untersagt. Davon\n                      ausgenommen sind ausdr\u00fccklich zum Download gekennzeichnete Dateien.<\/p>\n                    <h4>Rechtswirksamkeit<\/h4>\n                    <p>Durch Nutzung dieser Webseiten unterliegt der Nutzer den gegenst\u00e4ndlichen Benutzungsbedingungen. Diese sind Teil des WWW-Angebotes. Sofern Teile oder einzelne Formulierungen der Benutzungsbedingungen der geltenden Rechtslage nicht,\n                      nicht mehr oder nicht vollst\u00e4ndig entsprechen sollten, bleiben die \u00fcbrigen Teile der Benutzungsbedingungen in ihrem Inhalt und ihrer G\u00fcltigkeit davon unber\u00fchrt.<\/p>\n                    <p>2023&nbsp;<strong>ROHRPROFI Kanalservice<\/strong>\n                      <sup style=\"font-size: 0.75em;\"><strong>\u00ae<\/strong><\/sup><strong>&nbsp;GmbH<\/strong>. Alle Rechte vorbehalten.<\/p>\n                    <p>\n                      <br>\n                    <\/p>\n                  <\/div>\n                <\/div>\n              <\/div>\n            <\/div>\n          <\/div>\n        <\/div>\n      <\/div>\n    <\/div>\n  <\/div>\n<\/div>","protected":false},"excerpt":{"rendered":"<p>Impressum Offenlegung gem\u00e4\u00df \u00a75 ECG und \u00a725 Mediengesetz: Impressum UID: ATU69264609 FN: 425906h DVR: 4012961 DGNR.: 401979873 GLN: 9110021234450 Beitragskonto\/SVA: 5547151 GIS: 1010317628 D-U-N-S\u00ae Nr.: 300458133 St.Nr.: Deutschland 147 \/ 277 \/ 54386 St.Nr.: \u00d6sterreich 91 &#8211; 187 \/ 6993 WK-Nr.: 4158612 ANK\u00d6-Nr.: 81901 Gewerbeberechtigungen 18339321 &#8211; Handelsgewerbe 18339338 &#8211; Kanalr\u00e4umung 31668842 &#8211; Baumeister, eingeschr\u00e4nkt [&hellip;]<\/p>\n","protected":false},"author":1,"featured_media":0,"parent":0,"menu_order":0,"comment_status":"closed","ping_status":"closed","template":"page-templates\/full-width-page.php","meta":{"footnotes":""},"class_list":["post-290","page","type-page","status-publish","hentry"],"_links":{"self":[{"href":"https:\/\/www.baunatura.at\/index.php?rest_route=\/wp\/v2\/pages\/290","targetHints":{"allow":["GET"]}}],"collection":[{"href":"https:\/\/www.baunatura.at\/index.php?rest_route=\/wp\/v2\/pages"}],"about":[{"href":"https:\/\/www.baunatura.at\/index.php?rest_route=\/wp\/v2\/types\/page"}],"author":[{"embeddable":true,"href":"https:\/\/www.baunatura.at\/index.php?rest_route=\/wp\/v2\/users\/1"}],"replies":[{"embeddable":true,"href":"https:\/\/www.baunatura.at\/index.php?rest_route=%2Fwp%2Fv2%2Fcomments&post=290"}],"version-history":[{"count":4,"href":"https:\/\/www.baunatura.at\/index.php?rest_route=\/wp\/v2\/pages\/290\/revisions"}],"predecessor-version":[{"id":515,"href":"https:\/\/www.baunatura.at\/index.php?rest_route=\/wp\/v2\/pages\/290\/revisions\/515"}],"wp:attachment":[{"href":"https:\/\/www.baunatura.at\/index.php?rest_route=%2Fwp%2Fv2%2Fmedia&parent=290"}],"curies":[{"name":"wp","href":"https:\/\/api.w.org\/{rel}","templated":true}]}}